{"id":67,"date":"2022-08-08T13:10:11","date_gmt":"2022-08-08T13:10:11","guid":{"rendered":"https:\/\/kosmetik-ravensburg.com\/?page_id=67"},"modified":"2025-11-25T14:49:32","modified_gmt":"2025-11-25T14:49:32","slug":"profi-make-up","status":"publish","type":"page","link":"https:\/\/kosmetik-ravensburg.com\/?page_id=67","title":{"rendered":"Profi Make-up"},"content":{"rendered":"\n<p>Lassen Sie sich professionell schminken &#8211; bei Ihren Spezialisten f\u00fcr Profi Make-up in Ravensburg!<\/p>\n\n\n\n<p>Unsere Visagisten zeigen Ihnen die neusten Looks und schminken Sie passend f\u00fcr jeden Anlass. Ob Sie sich selbst jeden Tag besser schminken m\u00f6chten oder sich entspannt zur\u00fccklehnen und unsere Make-up Artists Ihr sch\u00f6nstes Ich zum Vorschein bringen lassen m\u00f6chten &#8211; wir beraten Sie gerne zu Ihrem individuellen Look! <\/p>\n\n\n\n<p><strong>Tages Make-up <\/strong>&#8211; 65\u20ac<\/p>\n\n\n\n<p><strong>Special Make-up<\/strong> &#8211; 85\u20ac<br>Abend oder Foto Make-up<\/p>\n\n\n\n<p><strong>Hochzeits Make-up<\/strong> &#8211; 230\u20ac<br>F\u00fcr Ihren sch\u00f6nsten Tag nehmen wir uns viel Zeit, um das perfekte Make-up zu kreieren.<\/p>\n\n\n\n<p>Braut Make-up Beratung &amp; Probeschminken<br>inkl. Schminken am Hochzeitstag in der Parf\u00fcmerie<\/p>\n\n\n\n<p><strong>Partner Special<\/strong> &#8211; 220\u20ac<br>Ganz entspannt f\u00fcr Sie vor Ort: Braut Make-up f\u00fcr Ihren gro\u00dfen Tag im <a href=\"https:\/\/www.kaiserhof-rv.de\" target=\"_blank\" rel=\"noreferrer noopener\">Hotel Kaiserhof Ravensburg<\/a><\/p>\n\n\n\n<p><strong>Typberatung<\/strong> &#8211; 95\u20ac<br>Individuelles Make-up mit Schminkberatung ca. 120 Minuten<\/p>\n\n\n\n<figure class=\"wp-block-image size-large\"><img loading=\"lazy\" decoding=\"async\" width=\"1024\" height=\"683\" src=\"https:\/\/kosmetik-ravensburg.com\/wp-content\/uploads\/2022\/08\/Fotolia_223261131_L_bearbeitet-1024x683.jpg\" alt=\"Hochzeit Make-up Ravensburg\" class=\"wp-image-95\" srcset=\"https:\/\/kosmetik-ravensburg.com\/wp-content\/uploads\/2022\/08\/Fotolia_223261131_L_bearbeitet-1024x683.jpg 1024w, https:\/\/kosmetik-ravensburg.com\/wp-content\/uploads\/2022\/08\/Fotolia_223261131_L_bearbeitet-300x200.jpg 300w, https:\/\/kosmetik-ravensburg.com\/wp-content\/uploads\/2022\/08\/Fotolia_223261131_L_bearbeitet-768x513.jpg 768w, https:\/\/kosmetik-ravensburg.com\/wp-content\/uploads\/2022\/08\/Fotolia_223261131_L_bearbeitet-1536x1025.jpg 1536w, https:\/\/kosmetik-ravensburg.com\/wp-content\/uploads\/2022\/08\/Fotolia_223261131_L_bearbeitet-2048x1367.jpg 2048w\" sizes=\"auto, (max-width: 1024px) 100vw, 1024px\" \/><figcaption class=\"wp-element-caption\">Profi Make-up f\u00fcr Ihren besonderen Anlass in Ravensburg und Umgebung<\/figcaption><\/figure>\n\n\n\n<p>Sie m\u00f6chten vor dem Make-up noch an Ihrem nat\u00fcrlichen Teint arbeiten? Sehen Sie sich auch unser Angebot f\u00fcr <a href=\"https:\/\/kosmetik-ravensburg.com\/?page_id=32\">Gesichtspflege und Kosmetik<\/a> an! <\/p>\n","protected":false},"excerpt":{"rendered":"<p>Lassen Sie sich professionell schminken &#8211; bei Ihren Spezialisten f\u00fcr Profi Make-up in Ravensburg! Unsere Visagisten zeigen Ihnen die neusten Looks und schminken Sie passend f\u00fcr jeden Anlass. Ob Sie sich selbst jeden Tag besser schminken m\u00f6chten oder sich entspannt zur\u00fccklehnen und unsere Make-up Artists Ihr sch\u00f6nstes Ich zum Vorschein bringen lassen m\u00f6chten &#8211; wir [&hellip;]<\/p>\n","protected":false},"author":1,"featured_media":68,"parent":0,"menu_order":0,"comment_status":"closed","ping_status":"closed","template":"","meta":{"footnotes":""},"class_list":["post-67","page","type-page","status-publish","has-post-thumbnail","czr-hentry"],"yoast_head":"<!-- This site is optimized with the Yoast SEO plugin v27.4 - https:\/\/yoast.com\/product\/yoast-seo-wordpress\/ -->\n<title>Make-up Ravensburg - Kosmetik Ravensburg<\/title>\n<meta name=\"description\" content=\"Professionelles Make-up in Ravensburg f\u00fcr Ihren besonderen Anlass: Hochzeit, Fotoshooting oder ein anderer wichtiger Termin.\" \/>\n<meta name=\"robots\" content=\"index, follow, max-snippet:-1, max-image-preview:large, max-video-preview:-1\" \/>\n<link rel=\"canonical\" href=\"https:\/\/kosmetik-ravensburg.com\/?page_id=67\" \/>\n<meta property=\"og:locale\" content=\"de_DE\" \/>\n<meta property=\"og:type\" content=\"article\" \/>\n<meta property=\"og:title\" content=\"Make-up Ravensburg - Kosmetik Ravensburg\" \/>\n<meta property=\"og:description\" content=\"Professionelles Make-up in Ravensburg f\u00fcr Ihren besonderen Anlass: Hochzeit, Fotoshooting oder ein anderer wichtiger Termin.\" \/>\n<meta property=\"og:url\" content=\"https:\/\/kosmetik-ravensburg.com\/?page_id=67\" \/>\n<meta property=\"og:site_name\" content=\"Kosmetik Ravensburg\" \/>\n<meta property=\"article:modified_time\" content=\"2025-11-25T14:49:32+00:00\" \/>\n<meta property=\"og:image\" content=\"https:\/\/kosmetik-ravensburg.com\/wp-content\/uploads\/2022\/08\/Fotolia_127870980_XL-scaled.jpg\" \/>\n\t<meta property=\"og:image:width\" content=\"2560\" \/>\n\t<meta property=\"og:image:height\" content=\"1706\" \/>\n\t<meta property=\"og:image:type\" content=\"image\/jpeg\" \/>\n<meta name=\"twitter:card\" content=\"summary_large_image\" \/>\n<meta name=\"twitter:label1\" content=\"Gesch\u00e4tzte Lesezeit\" \/>\n\t<meta name=\"twitter:data1\" content=\"2\u00a0Minuten\" \/>\n<script type=\"application\/ld+json\" class=\"yoast-schema-graph\">{\"@context\":\"https:\\\/\\\/schema.org\",\"@graph\":[{\"@type\":\"WebPage\",\"@id\":\"https:\\\/\\\/kosmetik-ravensburg.com\\\/?page_id=67\",\"url\":\"https:\\\/\\\/kosmetik-ravensburg.com\\\/?page_id=67\",\"name\":\"Make-up Ravensburg - Kosmetik Ravensburg\",\"isPartOf\":{\"@id\":\"https:\\\/\\\/kosmetik-ravensburg.com\\\/#website\"},\"primaryImageOfPage\":{\"@id\":\"https:\\\/\\\/kosmetik-ravensburg.com\\\/?page_id=67#primaryimage\"},\"image\":{\"@id\":\"https:\\\/\\\/kosmetik-ravensburg.com\\\/?page_id=67#primaryimage\"},\"thumbnailUrl\":\"https:\\\/\\\/kosmetik-ravensburg.com\\\/wp-content\\\/uploads\\\/2022\\\/08\\\/Fotolia_127870980_XL-scaled.jpg\",\"datePublished\":\"2022-08-08T13:10:11+00:00\",\"dateModified\":\"2025-11-25T14:49:32+00:00\",\"description\":\"Professionelles Make-up in Ravensburg f\u00fcr Ihren besonderen Anlass: Hochzeit, Fotoshooting oder ein anderer wichtiger Termin.\",\"breadcrumb\":{\"@id\":\"https:\\\/\\\/kosmetik-ravensburg.com\\\/?page_id=67#breadcrumb\"},\"inLanguage\":\"de\",\"potentialAction\":[{\"@type\":\"ReadAction\",\"target\":[\"https:\\\/\\\/kosmetik-ravensburg.com\\\/?page_id=67\"]}]},{\"@type\":\"ImageObject\",\"inLanguage\":\"de\",\"@id\":\"https:\\\/\\\/kosmetik-ravensburg.com\\\/?page_id=67#primaryimage\",\"url\":\"https:\\\/\\\/kosmetik-ravensburg.com\\\/wp-content\\\/uploads\\\/2022\\\/08\\\/Fotolia_127870980_XL-scaled.jpg\",\"contentUrl\":\"https:\\\/\\\/kosmetik-ravensburg.com\\\/wp-content\\\/uploads\\\/2022\\\/08\\\/Fotolia_127870980_XL-scaled.jpg\",\"width\":2560,\"height\":1706,\"caption\":\"Make-up with black eyeliner close-up\"},{\"@type\":\"BreadcrumbList\",\"@id\":\"https:\\\/\\\/kosmetik-ravensburg.com\\\/?page_id=67#breadcrumb\",\"itemListElement\":[{\"@type\":\"ListItem\",\"position\":1,\"name\":\"Startseite\",\"item\":\"https:\\\/\\\/kosmetik-ravensburg.com\\\/\"},{\"@type\":\"ListItem\",\"position\":2,\"name\":\"Profi Make-up\"}]},{\"@type\":\"WebSite\",\"@id\":\"https:\\\/\\\/kosmetik-ravensburg.com\\\/#website\",\"url\":\"https:\\\/\\\/kosmetik-ravensburg.com\\\/\",\"name\":\"Kosmetik Ravensburg\",\"description\":\"\",\"publisher\":{\"@id\":\"https:\\\/\\\/kosmetik-ravensburg.com\\\/#organization\"},\"potentialAction\":[{\"@type\":\"SearchAction\",\"target\":{\"@type\":\"EntryPoint\",\"urlTemplate\":\"https:\\\/\\\/kosmetik-ravensburg.com\\\/?s={search_term_string}\"},\"query-input\":{\"@type\":\"PropertyValueSpecification\",\"valueRequired\":true,\"valueName\":\"search_term_string\"}}],\"inLanguage\":\"de\"},{\"@type\":\"Organization\",\"@id\":\"https:\\\/\\\/kosmetik-ravensburg.com\\\/#organization\",\"name\":\"Kosmetik Ravensburg\",\"url\":\"https:\\\/\\\/kosmetik-ravensburg.com\\\/\",\"logo\":{\"@type\":\"ImageObject\",\"inLanguage\":\"de\",\"@id\":\"https:\\\/\\\/kosmetik-ravensburg.com\\\/#\\\/schema\\\/logo\\\/image\\\/\",\"url\":\"https:\\\/\\\/kosmetik-ravensburg.com\\\/wp-content\\\/uploads\\\/2022\\\/03\\\/cropped-Amica_Bittel_2c_grey_pantone.jpg\",\"contentUrl\":\"https:\\\/\\\/kosmetik-ravensburg.com\\\/wp-content\\\/uploads\\\/2022\\\/03\\\/cropped-Amica_Bittel_2c_grey_pantone.jpg\",\"width\":978,\"height\":391,\"caption\":\"Kosmetik Ravensburg\"},\"image\":{\"@id\":\"https:\\\/\\\/kosmetik-ravensburg.com\\\/#\\\/schema\\\/logo\\\/image\\\/\"}}]}<\/script>\n<!-- \/ Yoast SEO plugin. -->","yoast_head_json":{"title":"Make-up Ravensburg - Kosmetik Ravensburg","description":"Professionelles Make-up in Ravensburg f\u00fcr Ihren besonderen Anlass: Hochzeit, Fotoshooting oder ein anderer wichtiger Termin.","robots":{"index":"index","follow":"follow","max-snippet":"max-snippet:-1","max-image-preview":"max-image-preview:large","max-video-preview":"max-video-preview:-1"},"canonical":"https:\/\/kosmetik-ravensburg.com\/?page_id=67","og_locale":"de_DE","og_type":"article","og_title":"Make-up Ravensburg - Kosmetik Ravensburg","og_description":"Professionelles Make-up in Ravensburg f\u00fcr Ihren besonderen Anlass: Hochzeit, Fotoshooting oder ein anderer wichtiger Termin.","og_url":"https:\/\/kosmetik-ravensburg.com\/?page_id=67","og_site_name":"Kosmetik Ravensburg","article_modified_time":"2025-11-25T14:49:32+00:00","og_image":[{"width":2560,"height":1706,"url":"https:\/\/kosmetik-ravensburg.com\/wp-content\/uploads\/2022\/08\/Fotolia_127870980_XL-scaled.jpg","type":"image\/jpeg"}],"twitter_card":"summary_large_image","twitter_misc":{"Gesch\u00e4tzte Lesezeit":"2\u00a0Minuten"},"schema":{"@context":"https:\/\/schema.org","@graph":[{"@type":"WebPage","@id":"https:\/\/kosmetik-ravensburg.com\/?page_id=67","url":"https:\/\/kosmetik-ravensburg.com\/?page_id=67","name":"Make-up Ravensburg - Kosmetik Ravensburg","isPartOf":{"@id":"https:\/\/kosmetik-ravensburg.com\/#website"},"primaryImageOfPage":{"@id":"https:\/\/kosmetik-ravensburg.com\/?page_id=67#primaryimage"},"image":{"@id":"https:\/\/kosmetik-ravensburg.com\/?page_id=67#primaryimage"},"thumbnailUrl":"https:\/\/kosmetik-ravensburg.com\/wp-content\/uploads\/2022\/08\/Fotolia_127870980_XL-scaled.jpg","datePublished":"2022-08-08T13:10:11+00:00","dateModified":"2025-11-25T14:49:32+00:00","description":"Professionelles Make-up in Ravensburg f\u00fcr Ihren besonderen Anlass: Hochzeit, Fotoshooting oder ein anderer wichtiger Termin.","breadcrumb":{"@id":"https:\/\/kosmetik-ravensburg.com\/?page_id=67#breadcrumb"},"inLanguage":"de","potentialAction":[{"@type":"ReadAction","target":["https:\/\/kosmetik-ravensburg.com\/?page_id=67"]}]},{"@type":"ImageObject","inLanguage":"de","@id":"https:\/\/kosmetik-ravensburg.com\/?page_id=67#primaryimage","url":"https:\/\/kosmetik-ravensburg.com\/wp-content\/uploads\/2022\/08\/Fotolia_127870980_XL-scaled.jpg","contentUrl":"https:\/\/kosmetik-ravensburg.com\/wp-content\/uploads\/2022\/08\/Fotolia_127870980_XL-scaled.jpg","width":2560,"height":1706,"caption":"Make-up with black eyeliner close-up"},{"@type":"BreadcrumbList","@id":"https:\/\/kosmetik-ravensburg.com\/?page_id=67#breadcrumb","itemListElement":[{"@type":"ListItem","position":1,"name":"Startseite","item":"https:\/\/kosmetik-ravensburg.com\/"},{"@type":"ListItem","position":2,"name":"Profi Make-up"}]},{"@type":"WebSite","@id":"https:\/\/kosmetik-ravensburg.com\/#website","url":"https:\/\/kosmetik-ravensburg.com\/","name":"Kosmetik Ravensburg","description":"","publisher":{"@id":"https:\/\/kosmetik-ravensburg.com\/#organization"},"potentialAction":[{"@type":"SearchAction","target":{"@type":"EntryPoint","urlTemplate":"https:\/\/kosmetik-ravensburg.com\/?s={search_term_string}"},"query-input":{"@type":"PropertyValueSpecification","valueRequired":true,"valueName":"search_term_string"}}],"inLanguage":"de"},{"@type":"Organization","@id":"https:\/\/kosmetik-ravensburg.com\/#organization","name":"Kosmetik Ravensburg","url":"https:\/\/kosmetik-ravensburg.com\/","logo":{"@type":"ImageObject","inLanguage":"de","@id":"https:\/\/kosmetik-ravensburg.com\/#\/schema\/logo\/image\/","url":"https:\/\/kosmetik-ravensburg.com\/wp-content\/uploads\/2022\/03\/cropped-Amica_Bittel_2c_grey_pantone.jpg","contentUrl":"https:\/\/kosmetik-ravensburg.com\/wp-content\/uploads\/2022\/03\/cropped-Amica_Bittel_2c_grey_pantone.jpg","width":978,"height":391,"caption":"Kosmetik Ravensburg"},"image":{"@id":"https:\/\/kosmetik-ravensburg.com\/#\/schema\/logo\/image\/"}}]}},"_links":{"self":[{"href":"https:\/\/kosmetik-ravensburg.com\/index.php?rest_route=\/wp\/v2\/pages\/67","targetHints":{"allow":["GET"]}}],"collection":[{"href":"https:\/\/kosmetik-ravensburg.com\/index.php?rest_route=\/wp\/v2\/pages"}],"about":[{"href":"https:\/\/kosmetik-ravensburg.com\/index.php?rest_route=\/wp\/v2\/types\/page"}],"author":[{"embeddable":true,"href":"https:\/\/kosmetik-ravensburg.com\/index.php?rest_route=\/wp\/v2\/users\/1"}],"replies":[{"embeddable":true,"href":"https:\/\/kosmetik-ravensburg.com\/index.php?rest_route=%2Fwp%2Fv2%2Fcomments&post=67"}],"version-history":[{"count":6,"href":"https:\/\/kosmetik-ravensburg.com\/index.php?rest_route=\/wp\/v2\/pages\/67\/revisions"}],"predecessor-version":[{"id":792,"href":"https:\/\/kosmetik-ravensburg.com\/index.php?rest_route=\/wp\/v2\/pages\/67\/revisions\/792"}],"wp:featuredmedia":[{"embeddable":true,"href":"https:\/\/kosmetik-ravensburg.com\/index.php?rest_route=\/wp\/v2\/media\/68"}],"wp:attachment":[{"href":"https:\/\/kosmetik-ravensburg.com\/index.php?rest_route=%2Fwp%2Fv2%2Fmedia&parent=67"}],"curies":[{"name":"wp","href":"https:\/\/api.w.org\/{rel}","templated":true}]}}